 base 15, what is -741621 + -10?
-741631
In base 3, what is 22001012122212 + 12?
22001012200001
In base 15, what is -146 + -52e5?
-543b
In base 16, what is -2 - 1cbc8?
-1cbca
In base 15, what is -24ec3e4 - -2?
-24ec3e2
In base 8, what is -1224375 - 1251?
-1225646
In base 11, what is 375 - 22446?
-22081
In base 11, what is -11a5815 - -29?
-11a5797
In base 16, what is 52f0 - 8?
52e8
In base 6, what is 315422 - -5150?
325012
In base 13, what is -86b62c53 + -1?
-86b62c54
In base 7, what is 5314151344 + -1?
5314151343
In base 10, what is -30940 + -3799?
-34739
In base 9, what is 175 + 620318?
620504
In base 16, what is -2a + 35bb5?
35b8b
In base 15, what is 1218 - -388?
15a1
In base 16, what is 183 + -5a7b?
-58f8
In base 2, what is -1010010001001101 + 101011001?
-1010001011110100
In base 11, what is -7 + -5543179a?
-554317a6
In base 15, what is d97 + -147?
c50
In base 5, what is -224 + -421300203?
-421300432
In base 9, what is 3 - -104164231?
104164234
In base 10, what is -427668 - 41?
-427709
In base 13, what is -43c77 + 144?
-43b33
In base 14, what is 38c7c9 - -57?
38c842
In base 8, what is 4 + -40661147?
-40661143
In base 4, what is -22300031 + 200?
-22233231
In base 9, what is 148821 + -324?
148486
In base 3, what is 1002 - 121102210112?
-121102202110
In base 12, what is b + -515974?
-515965
In base 10, what is -2 + -128321468?
-128321470
In base 12, what is 673 - -52682?
53135
In base 3, what is 12 - -110122110220001?
110122110220020
In base 16, what is -4743 + 169?
-45da
In base 10, what is 121676 - 17?
121659
In base 6, what is -2 + 30543350?
30543344
In base 13, what is -14b43c - -18?
-14b424
In base 2, what is -10011111000101010000 - -1100001?
-10011111000011101111
In base 14, what is 182429 - -1?
18242a
In base 5, what is 13232 + -214021?
-200234
In base 16, what is -38 + 26b0b?
26ad3
In base 5, what is -10423323 - -41?
-10423232
In base 3, what is -10220 + 10100022001120?
10100021220200
In base 2, what is -10100100101110111100 - 10010?
-10100100101111001110
In base 4, what is -2100 + -12122013?
-12130113
In base 10, what is -8518 - 40926?
-49444
In base 11, what is 10aa162 + -4?
10aa159
In base 9, what is -2537743 - -7?
-2537735
In base 15, what is -3 - -6540b67?
6540b64
In base 12, what is -3600 - -1b29?
-1693
In base 11, what is 718 + 10381?
10a99
In base 4, what is -200 - -10232103233?
10232103033
In base 15, what is 30c23b5 + -5?
30c23b0
In base 6, what is 5054023 - -350?
5054413
In base 7, what is -242342 - 243?
-242615
In base 11, what is -38389a4 - 3a?
-3838a33
In base 3, what is 111220202102011 + -11?
111220202102000
In base 7, what is 111543 + -24433?
54110
In base 14, what is 196c2 - 94?
1962c
In base 5, what is -1130303 + -200240?
-1331043
In base 10, what is 10 + 1022006?
1022016
In base 14, what is 86586c2 + -6?
86586ba
In base 5, what is -10140143130 - -13?
-10140143112
In base 12, what is -98 + 4a7387?
4a72ab
In base 13, what is -69 - 4b099?
-4b135
In base 5, what is 3 + -40222014410?
-40222014402
In base 3, what is -210 - -10201020220?
10201020010
In base 15, what is -13 - 25e77?
-25e8a
In base 2, what is -100001010001011 - -10010010111111?
-1110111001100
In base 16, what is 10a68 - ff?
10969
In base 5, what is -111444011221 + 4?
-111444011212
In base 12, what is -76109191 - 2?
-76109193
In base 12, what is -a53 - 971?
-1804
In base 5, what is 133041 - 2022?
131014
In base 7, what is 102 - -563353?
563455
In base 10, what is -5788 + 77631?
71843
In base 11, what is -64 - -447672?
447609
In base 5, what is -22240314 + -14?
-22240333
In base 9, what is -2 + -1255867?
-1255870
In base 3, what is 1 - -12020111112020?
12020111112021
In base 5, what is -112311200 + -2103?
-112313303
In base 11, what is -5 - -1864668?
1864663
In base 3, what is 1222 - -212201211212?
212201220211
In base 6, what is 4241142145 - -2?
4241142151
In base 15, what is 2 + -2448b45e?
-2448b45c
In base 14, what is 115 + -671b3?
-6709c
In base 2, what is -100 - 1110110001010101110010010101?
-1110110001010101110010011001
In base 9, what is -1 + 34868875?
34868874
In base 15, what is eb7 - -4d6?
149d
In base 8, what is 30216 - 5372?
22624
In base 7, what is 321626 - 233?
321363
In base 16, what is 4192 + -26f0?
1aa2
In base 15, what is -cb93894 - 5?
-cb93899
In base 16, what is 324d1 - f4?
323dd
In base 13, what is 3 - -285800c5?
285800c8
In base 11, what is 83807 + 2a?
83836
In base 7, what is -22 + 1031104?
1031052
In base 8, what is 6 + 32314136?
32314144
In base 8, what is -224 - -27243?
27017
In base 16, what is -2027a3 + 3?
-2027a0
In base 14, what is c82c - 75?
c797
In base 15, what is -6 + -23bba4e5?
-23bba4eb
In base 9, what is -14 - 66480?
-66504
In base 13, what is 45b431 - -152?
45b583
In base 8, what is 3351723 + 453?
3352376
In base 7, what is -233600334 + 12?
-233600322
In base 8, what is -6567027 + -21?
-6567050
In base 10, what is 69535 - 1581?
67954
In base 14, what is -91 - -61a738?
61a687
In base 2, what is 1011000 + 11111101010101110?
11111101100000110
In base 12, what is -2524 - -10b32?
a60a
In base 15, what is 716be04 + -1?
716be03
In base 11, what is 0 + 2479531a?
2479531a
In base 4, what is 201232121011332 - -2?
201232121012000
In base 6, what is -351031 + 1211?
-345420
In base 3, what is -21101010220121020 + 1?
-21101010220121012
In base 13, what is -1c3c - 370?
-22ac
In base 14, what is 616 + 9287?
989d
In base 4, what is 22123 - -30133031?
30221220
In base 7, what is -436 + -51660?
-52426
In base 12, what is 24 + -380632?
-38060a
In base 12, what is -1778 + 1ab?
-1589
In base 16, what is 262e - 916?
1d18
In base 7, what is 114503515 + -43?
114503442
In base 10, what is -1385 + 277248?
275863
In base 3, what is 0 - 12001211012210220?
-12001211012210220
In base 14, what is 21acd96 - 5?
21acd91
In base 3, what is 12 - 12111021122212?
-12111021122200
In base 3, what is 10220220110 + 22020?
10221012200
In base 3, what is -100 - 20200022111222?
-20200022112022
In base 11, what is -4a332 + -150?
-4a482
In base 14, what is -38 - -c66?
c2c
In base 6, what is 1523 - 241334?
-235411
In base 16, what is 55 + 41774?
417c9
In base 2, what is -11101010 + 1100000011100001101?
1100000011000100011
In base 13, what is -7151 - -214?
-6c3a
In base 13, what is 534246b + 9?
5342477
In base 3, what is -10221200122121 - 22010?
-10221200221201
In base 13, what is 16 + -45015?
-44ccc
In base 12, what is -4a8a41 - -6?
-4a8a37
In base 3, what is -12200101220 - -2200101?
-12120201112
In base 11, what is -9a - -12234a?
122260
In base 12, what is 28a + -55371?
-550a3
In base 4, what is -30130021220 + 3?
-30130021211
In base 14, what is 38 + 4652c06?
4652c40
In base 4, what is -10200322 - -322312?
-3212010
In base 5, what is 11140 + -4123113?
-4111423
In base 16, what is 2a + 119?
143
In base 16, what is 203b89 - 3?
203b86
In base 9, what is -70511 - 132?
-70643
In base 14, what is dd9d - a7b3?
35ca
In base 11, what is -2312941 + -40?
-2312981
In base 9, what is -240431 + 22?
-240408
In base 5, what is 4 + 404340401303?
404340401312
In base 14, what is 120536d9 - 5?
120536d4
In base 16, what is -77 - -f1d76?
f1cff
In base 2, what is -101 + -100100110000010111011101?
-100100110000010111100010
In base 15, what is -a66d11 + 5?
-a66d0b
In base 14, what is -7739 - -159a?
-617d
In base 6, what is 25034 + -230034?
-201000
In base 12, what is 785a898 + 8?
785a8a4
In base 16, what is -5 + a139a?
a1395
In base 8, what is -16012331 - 175?
-16012526
In base 9, what is -5 - 7531435?
-7531441
In base 6, what is -23342 + 424311?
400525
In base 7, what is -360 + -2002620?
-2003310
In base 13, what is -a - -29c8750?
29c8743
In base 2, what is 1100111 + -111101000001000011101?
-111101000000110110110
In base 3, what is -22211202 + 20002102?
-2202100
In base 12, what is -23274a - 5?
-232753
In base 8, what is -5432 - -114376?
106744
In base 13, what is -61 + 45146?
450b5
In base 15, what is 33 - b658e?
-b655b
In base 8, what is 2 + -125546517?
-125546515
In base 10, what is 1130 - 8097?
-6967
In base 15, what is 6bcb3a + -4b?
6bcade
In base 7, what is 21435545421 + -1?
21435545420
In base 7, what is -26 - -10463361?
10463332
In base 7, what is -143651425 - 32?
-143651460
In base 10, what is -73715 - -78?
-73637
In base 6, what is 3 - 220105410?
-220105403
In base 14, what is 1